{"id":94,"date":"2018-03-09T21:54:11","date_gmt":"2018-03-09T21:54:11","guid":{"rendered":"http:\/\/www.groovingkeys.ch\/?page_id=94"},"modified":"2020-03-24T12:43:37","modified_gmt":"2020-03-24T11:43:37","slug":"tonhoehe","status":"publish","type":"page","link":"http:\/\/www.groovingkeys.ch\/index.php\/musiktheorie\/notenlesen-und-schreiben\/tonhoehe\/","title":{"rendered":"Tonh\u00f6he"},"content":{"rendered":"<p>Unsere heute im deutsch\/englischen Sprachraum gebr\u00e4uchlichen Notennamen stammen vom Alphabet und waren urspr\u00fcnglich auch in der Reihenfolge des Alphabetes: a,b,c,d,e,f,g,h. 8 Buchstaben f\u00fcr 7 T\u00f6ne &#8230; Hm &#8230;?<\/p>\n<p>Dass es &#171;b&#187; wie &#171;h&#187; hatte, war auf die pytagor\u00e4ische Stimmung zur\u00fcckzuf\u00fchren, die dann sp\u00e4ter von der temperierten Stimmung abgel\u00f6st wurde. Tja, Mathe und Musik sind nahe beieinander.<\/p>\n<p>Das &#171;b-rotondum&#187; oder &#171;b-mollum&#187; oder &#171;weiches-b&#187; wechselte sich mit dem &#171;b-quadratum&#187; oder &#171;b-durum&#187; oder &#171;hartem-b&#187; ab.<\/p>\n<p>Dieses Wechselspiel des &#171;b&#187; und &#171;h&#187; hatte dann gegen Ende der Renaissance ein Ende, als sich Dur und Moll immer st\u00e4rker behaupteten. Leider blieb das &#171;b&#187; f\u00fcr das lateinische &#171;si&#187; nur im englischsprachigen Raum erhalten, wogegen im deutschsprachigen Raum sich das &#171;h&#187; durchsetzte, mit verwirrenden Konsequenzen, wenn deutschsprachige und englischsprachige zusammentreffen:<\/p>\n<blockquote><p>K\u00f6rner an Mele: &#171;Gib mir ein b&#187;! Mele spielt &#8230; K\u00f6rner an Mele: &#171;Bicht dieses b, das andere b, das h!&#187;<\/p><\/blockquote>\n<p>Wenn die Amis oder Engl\u00e4nder ein &#171;b&#187; sagen, meinen sie ein &#171;h&#187; &#8230; H\u00e4tten wir doch nur das &#171;b&#187; behalten &#8230;<\/p>\n<p>Heute kennen wir also die folgende Reihenfolge, die beim &#171;c&#187; beginnt: c,d,e,f,g,a,h. Und dieser Reihenfolge fehlt leider die Logik. Wir m\u00fcssen damit leben &#8230;<\/p>\n<p>Zudem sehen wir heute das Liniensystem als zweigeteilt: Die Aufteilung auf die linke und rechte Hand f\u00fcr das Klavier bewirkt, dass Sch\u00fclerinnen und Sch\u00fcler den Violin- und Bassschl\u00fcssel als zwei v\u00f6llig unterschiedliche Systeme anschauen. Dabei wurde das Notensystem als ein 11-Liniensystem entworfen:<\/p>\n<p>more coming soon &#8230;<\/p>\n","protected":false},"excerpt":{"rendered":"<p>Unsere heute im deutsch\/englischen Sprachraum gebr\u00e4uchlichen Notennamen stammen vom Alphabet und waren urspr\u00fcnglich auch in der Reihenfolge des Alphabetes: a,b,c,d,e,f,g,h. 8 Buchstaben f\u00fcr 7 T\u00f6ne &#8230; Hm &#8230;? Dass es &#171;b&#187; wie &#171;h&#187; hatte, war auf die pytagor\u00e4ische Stimmung zur\u00fcckzuf\u00fchren, die dann sp\u00e4ter von der temperierten Stimmung abgel\u00f6st wurde. Tja, Mathe und Musik sind nahe &hellip; <\/p>\n<p class=\"link-more\"><a href=\"http:\/\/www.groovingkeys.ch\/index.php\/musiktheorie\/notenlesen-und-schreiben\/tonhoehe\/\" class=\"more-link\"><span class=\"screen-reader-text\">&#171;Tonh\u00f6he&#187;<\/span> weiterlesen<\/a><\/p>\n","protected":false},"author":1,"featured_media":0,"parent":88,"menu_order":0,"comment_status":"closed","ping_status":"closed","template":"","meta":{"footnotes":""},"class_list":["post-94","page","type-page","status-publish","hentry"],"jetpack_sharing_enabled":true,"_links":{"self":[{"href":"http:\/\/www.groovingkeys.ch\/index.php\/wp-json\/wp\/v2\/pages\/94","targetHints":{"allow":["GET"]}}],"collection":[{"href":"http:\/\/www.groovingkeys.ch\/index.php\/wp-json\/wp\/v2\/pages"}],"about":[{"href":"http:\/\/www.groovingkeys.ch\/index.php\/wp-json\/wp\/v2\/types\/page"}],"author":[{"embeddable":true,"href":"http:\/\/www.groovingkeys.ch\/index.php\/wp-json\/wp\/v2\/users\/1"}],"replies":[{"embeddable":true,"href":"http:\/\/www.groovingkeys.ch\/index.php\/wp-json\/wp\/v2\/comments?post=94"}],"version-history":[{"count":7,"href":"http:\/\/www.groovingkeys.ch\/index.php\/wp-json\/wp\/v2\/pages\/94\/revisions"}],"predecessor-version":[{"id":462,"href":"http:\/\/www.groovingkeys.ch\/index.php\/wp-json\/wp\/v2\/pages\/94\/revisions\/462"}],"up":[{"embeddable":true,"href":"http:\/\/www.groovingkeys.ch\/index.php\/wp-json\/wp\/v2\/pages\/88"}],"wp:attachment":[{"href":"http:\/\/www.groovingkeys.ch\/index.php\/wp-json\/wp\/v2\/media?parent=94"}],"curies":[{"name":"wp","href":"https:\/\/api.w.org\/{rel}","templated":true}]}}