{"id":244,"date":"2020-03-14T16:55:31","date_gmt":"2020-03-14T15:55:31","guid":{"rendered":"http:\/\/www.groovingkeys.ch\/?page_id=244"},"modified":"2020-03-17T17:41:56","modified_gmt":"2020-03-17T16:41:56","slug":"datenschutz","status":"publish","type":"page","link":"http:\/\/www.groovingkeys.ch\/index.php\/kontakt\/datenschutz\/","title":{"rendered":"Datenschutz"},"content":{"rendered":"<p><!--StartFragment--><\/p>\n\n\n<figure class=\"wp-block-image size-large\"><img loading=\"lazy\" decoding=\"async\" width=\"1024\" height=\"341\" src=\"http:\/\/www.groovingkeys.ch\/wp-content\/uploads\/2020\/03\/Logo_Musikschule_Mellingen_weiss-1024x341.png\" alt=\"\" class=\"wp-image-248\" srcset=\"http:\/\/www.groovingkeys.ch\/wp-content\/uploads\/2020\/03\/Logo_Musikschule_Mellingen_weiss-1024x341.png 1024w, http:\/\/www.groovingkeys.ch\/wp-content\/uploads\/2020\/03\/Logo_Musikschule_Mellingen_weiss-300x100.png 300w, http:\/\/www.groovingkeys.ch\/wp-content\/uploads\/2020\/03\/Logo_Musikschule_Mellingen_weiss-768x256.png 768w, http:\/\/www.groovingkeys.ch\/wp-content\/uploads\/2020\/03\/Logo_Musikschule_Mellingen_weiss.png 1240w\" sizes=\"auto, (max-width: 767px) 89vw, (max-width: 1000px) 54vw, (max-width: 1071px) 543px, 580px\" \/><\/figure>\n\n\n<p><!--EndFragment--><\/p>\n\n\n<p>Kontaktadresse<br>Musikschule Mellingen-Wohlenschwil<br>Bahnhofstrasse 22<br>5507 Mellingen<br>Schweiz<\/p>\n\n\n\n<p>Vertretungsberechtigte Personen<\/p>\n\n\n\n<p>Antonio Mele, Schulleitung<br>\nGiuseppe Aleo, Kommissionspr\u00e4sident<\/p>\n\n\n\n<p>&nbsp;<br>\nHaftungsausschluss<\/p>\n\n\n\n<p>Der Autor \u00fcbernimmt keinerlei Gew\u00e4hr hinsichtlich der\ninhaltlichen Richtigkeit, Genauigkeit, Aktualit\u00e4t, Zuverl\u00e4ssigkeit und\nVollst\u00e4ndigkeit der Informationen.<\/p>\n\n\n\n<p>Haftungsanspr\u00fcche gegen den Autor wegen Sch\u00e4den materieller\noder immaterieller Art, welche aus dem Zugriff oder der Nutzung bzw.\nNichtnutzung der ver\u00f6ffentlichten Informationen, durch Missbrauch der\nVerbindung oder durch technische St\u00f6rungen entstanden sind, werden\nausgeschlossen.<\/p>\n\n\n\n<p>Alle Angebote sind unverbindlich. Der Autor beh\u00e4lt es sich\nausdr\u00fccklich vor, Teile der Seiten oder das gesamte Angebot ohne gesonderte\nAnk\u00fcndigung zu ver\u00e4ndern, zu erg\u00e4nzen, zu l\u00f6schen oder die Ver\u00f6ffentlichung\nzeitweise oder endg\u00fcltig einzustellen.<\/p>\n\n\n\n<p>Haftung f\u00fcr Links<\/p>\n\n\n\n<p>Verweise und Links auf Webseiten Dritter liegen ausserhalb\nunseres Verantwortungsbereichs. Es wird jegliche Verantwortung f\u00fcr solche\nWebseiten abgelehnt. Der Zugriff und die Nutzung solcher Webseiten erfolgen auf\neigene Gefahr des Nutzers oder der Nutzerin.<\/p>\n\n\n\n<p>Urheberrechte<\/p>\n\n\n\n<p>Die Urheber- und alle anderen Rechte an Inhalten, Bildern,\nFotos oder anderen Dateien auf der Website geh\u00f6ren ausschliesslich der Firma Musikschule\nMellingen-Wohlenschwil oder den speziell genannten Rechtsinhabern. F\u00fcr die\nReproduktion jeglicher Elemente ist die schriftliche Zustimmung der Urheberrechtstr\u00e4ger\nim Voraus einzuholen.<\/p>\n\n\n\n<p>Datenschutz<\/p>\n\n\n\n<p>Gest\u00fctzt auf Artikel 13 der schweizerischen Bundesverfassung\nund die datenschutzrechtlichen Bestimmungen des Bundes (Datenschutzgesetz, DSG)\nhat jede Person Anspruch auf Schutz ihrer Privatsph\u00e4re sowie auf Schutz vor\nMissbrauch ihrer pers\u00f6nlichen Daten. Wir halten diese Bestimmungen ein.\nPers\u00f6nliche Daten werden streng vertraulich behandelt und weder an Dritte\nverkauft noch weiter gegeben.<\/p>\n\n\n\n<p>In enger Zusammenarbeit mit unseren Hosting-Providern\nbem\u00fchen wir uns, die Datenbanken so gut wie m\u00f6glich vor fremden Zugriffen,\nVerlusten, Missbrauch oder vor F\u00e4lschung zu sch\u00fctzen.<\/p>\n\n\n\n<p>Beim Zugriff auf unsere Webseiten werden folgende Daten in\nLogfiles gespeichert: IP-Adresse, Datum, Uhrzeit, Browser-Anfrage und allg.\n\u00fcbertragene Informationen zum Betriebssystem resp. Browser. Diese Nutzungsdaten\nbilden die Basis f\u00fcr statistische, anonyme Auswertungen, so dass Trends\nerkennbar sind, anhand derer wir unsere Angebote entsprechend verbessern\nk\u00f6nnen.<\/p>\n\n\n\n<p>Datenschutzerkl\u00e4rung f\u00fcr die Nutzung von Facebook-Plugins\n(Like-Button)<\/p>\n\n\n\n<p>Auf unseren Seiten sind Plugins des sozialen Netzwerks\nFacebook, 1601 South California Avenue, Palo Alto, CA 94304, USA integriert.\nDie Facebook-Plugins erkennen Sie an dem Facebook-Logo oder dem\n&#171;Like-Button&#187; (&#171;Gef\u00e4llt mir&#187;) auf unserer Seite. Eine\n\u00dcbersicht \u00fcber die Facebook-Plugins finden Sie hier:\nhttp:\/\/developers.facebook.com\/docs\/plugins\/.<\/p>\n\n\n\n<p>Wenn Sie unsere Seiten besuchen, wird \u00fcber das Plugin eine\ndirekte Verbindung zwischen Ihrem Browser und dem Facebook-Server hergestellt.\nFacebook erh\u00e4lt dadurch die Information, dass Sie mit Ihrer IP-Adresse unsere\nSeite besucht haben. Wenn Sie den Facebook &#171;Like-Button&#187; anklicken\nw\u00e4hrend Sie in Ihrem Facebook-Account eingeloggt sind, k\u00f6nnen Sie die Inhalte\nunserer Seiten auf Ihrem Facebook-Profil verlinken. Dadurch kann Facebook den\nBesuch unserer Seiten Ihrem Benutzerkonto zuordnen. Wir weisen darauf hin, dass\nwir als Anbieter der Seiten keine Kenntnis vom Inhalt der \u00fcbermittelten Daten\nsowie deren Nutzung durch Facebook erhalten. Weitere Informationen hierzu\nfinden Sie in der Datenschutzerkl\u00e4rung von facebook unter\nhttps:\/\/www.facebook.com\/about\/privacy\/<\/p>\n\n\n\n<p>Wenn Sie nicht w\u00fcnschen, dass Facebook den Besuch unserer\nSeiten Ihrem Facebook-Nutzerkonto zuordnen kann, loggen Sie sich bitte aus\nIhrem Facebook-Benutzerkonto aus.<\/p>\n\n\n\n<p>Datenschutzerkl\u00e4rung f\u00fcr die Nutzung von Google Adsense<\/p>\n\n\n\n<p>Diese Website benutzt Google AdSense, einen Dienst zum\nEinbinden von Werbeanzeigen der Google Inc. (&#171;Google&#187;). Google\nAdSense verwendet sog. &#171;Cookies&#187;, Textdateien, die auf Ihrem Computer\ngespeichert werden und die eine Analyse der Benutzung der Website erm\u00f6glicht.\nGoogle AdSense verwendet auch so genannte Web Beacons (unsichtbare Grafiken).\nDurch diese Web Beacons k\u00f6nnen Informationen wie der Besucherverkehr auf diesen\nSeiten ausgewertet werden.<\/p>\n\n\n\n<p>Die durch Cookies und Web Beacons erzeugten Informationen\n\u00fcber die Benutzung dieser Website (einschlie\u00dflich Ihrer IP-Adresse) und\nAuslieferung von Werbeformaten werden an einen Server von Google in den USA\n\u00fcbertragen und dort gespeichert. Diese Informationen k\u00f6nnen von Google an\nVertragspartner von Google weiter gegeben werden. Google wird Ihre IP-Adresse\njedoch nicht mit anderen von Ihnen gespeicherten Daten zusammenf\u00fchren.<\/p>\n\n\n\n<p>Sie k\u00f6nnen die Installation der Cookies durch eine\nentsprechende Einstellung Ihrer Browser Software verhindern; wir weisen Sie\njedoch darauf hin, dass Sie in diesem Fall gegebenenfalls nicht s\u00e4mtliche\nFunktionen dieser Website voll umf\u00e4nglich nutzen k\u00f6nnen. Durch die Nutzung\ndieser Website erkl\u00e4ren Sie sich mit der Bearbeitung der \u00fcber Sie erhobenen\nDaten durch Google in der zuvor beschriebenen Art und Weise und zu dem zuvor\nbenannten Zweck einverstanden.<\/p>\n\n\n\n<p>Datenschutzerkl\u00e4rung f\u00fcr die Nutzung von Google Analytics<\/p>\n\n\n\n<p>Diese Website benutzt Google Analytics, einen\nWebanalysedienst der Google Inc. (&#171;Google&#187;). Google Analytics\nverwendet sog. &#171;Cookies&#187;, Textdateien, die auf Ihrem Computer\ngespeichert werden und die eine Analyse der Benutzung der Website durch Sie\nerm\u00f6glichen. Die durch den Cookie erzeugten Informationen \u00fcber Ihre Benutzung\ndieser Website werden in der Regel an einen Server von Google in den USA\n\u00fcbertragen und dort gespeichert. Im Falle der Aktivierung der IP-Anonymisierung\nauf dieser Webseite wird Ihre IP-Adresse von Google jedoch innerhalb von\nMitgliedstaaten der Europ\u00e4ischen Union oder in anderen Vertragsstaaten des\nAbkommens \u00fcber den Europ\u00e4ischen Wirtschaftsraum zuvor gek\u00fcrzt.<\/p>\n\n\n\n<p>Nur in Ausnahmef\u00e4llen wird die volle IP-Adresse an einen\nServer von Google in den USA \u00fcbertragen und dort gek\u00fcrzt. Google wird diese\nInformationen benutzen, um Ihre Nutzung der Website auszuwerten, um Reports\n\u00fcber die Websiteaktivit\u00e4ten f\u00fcr die Websitebetreiber zusammenzustellen und um\nweitere mit der Websitenutzung und der Internetnutzung verbundene\nDienstleistungen zu erbringen. Auch wird Google diese Informationen\ngegebenenfalls an Dritte \u00fcbertragen, sofern dies gesetzlich vorgeschrieben oder\nsoweit Dritte diese Daten im Auftrag von Google verarbeiten. Die im Rahmen von\nGoogle Analytics von Ihrem Browser \u00fcbermittelte IP-Adresse wird nicht mit\nanderen Daten von Google zusammengef\u00fchrt.<\/p>\n\n\n\n<p>Sie k\u00f6nnen die Installation der Cookies durch eine\nentsprechende Einstellung Ihrer Browser Software verhindern; wir weisen Sie\njedoch darauf hin, dass Sie in diesem Fall gegebenenfalls nicht s\u00e4mtliche\nFunktionen dieser Website voll umf\u00e4nglich nutzen k\u00f6nnen. Durch die Nutzung\ndieser Website erkl\u00e4ren Sie sich mit der Bearbeitung der \u00fcber Sie erhobenen\nDaten durch Google in der zuvor beschriebenen Art und Weise und zu dem zuvor\nbenannten Zweck einverstanden.<\/p>\n\n\n\n<p>Datenschutzerkl\u00e4rung f\u00fcr die Nutzung von Google +1<\/p>\n\n\n\n<p>Mithilfe der Google +1-Schaltfl\u00e4che k\u00f6nnen Sie Informationen\nweltweit ver\u00f6ffentlichen. \u00dcber die Google +1-Schaltfl\u00e4che erhalten Sie und\nandere Nutzer personalisierte Inhalte von Google und dessen Partnern. Google\nspeichert sowohl die Information, dass Sie f\u00fcr einen Inhalt +1 gegeben haben,\nals auch Informationen \u00fcber die Seite, die Sie beim Klicken auf +1 angesehen\nhaben. Ihre +1 k\u00f6nnen als Hinweise zusammen mit Ihrem Profilnamen und Ihrem\nFoto in Google-Diensten, wie etwa in Suchergebnissen oder in Ihrem\nGoogle-Profil, oder an anderen Stellen auf Websites und Anzeigen im Internet\neingeblendet werden.<\/p>\n\n\n\n<p>Google zeichnet Informationen \u00fcber Ihre +1-Aktivit\u00e4ten auf,\num die Google-Dienste f\u00fcr Sie und andere zu verbessern.<\/p>\n\n\n\n<p>Um die Google +1-Schaltfl\u00e4che verwenden zu k\u00f6nnen, ben\u00f6tigen\nSie ein weltweit sichtbares, \u00f6ffentliches Google-Profil, das zumindest den f\u00fcr\ndas Profil gew\u00e4hlten Namen enthalten muss. Dieser Name wird in allen\nGoogle-Diensten verwendet. In manchen F\u00e4llen kann dieser Name auch einen\nanderen Namen ersetzen, den Sie beim Teilen von Inhalten \u00fcber Ihr Google-Konto\nverwendet haben. Die Identit\u00e4t Ihres Google-Profils kann Nutzern angezeigt\nwerden, die Ihre E-Mail-Adresse kennen oder \u00fcber andere identifizierende\nInformationen von Ihnen verf\u00fcgen.<\/p>\n\n\n\n<p>Neben den oben erl\u00e4uterten Verwendungszwecken werden die von\nIhnen bereitgestellten Informationen gem\u00e4\u00df den geltenden\nGoogle-Datenschutzbestimmungen\n(http:\/\/www.google.com\/intl\/de\/policies\/privacy\/) genutzt. Google\nver\u00f6ffentlicht m\u00f6glicherweise zusammengefasste Statistiken \u00fcber die\n+1-Aktivit\u00e4ten der Nutzer bzw. geben diese Statistiken an unsere Nutzer und\nPartner weiter, wie etwa Publisher, Inserenten oder verbundene Websites.<\/p>\n\n\n\n<p>Quelle<\/p>\n\n\n\n<p>Dieses Impressum wurde am 06.03.2016 mit dem\nImpressum-Generator http:\/\/www.bag.ch\/impressum-generator der Firma Brunner AG,\nDruck und Medien, in Kriens erstellt. Die Brunner AG, Druck und Medien, in\nKriens \u00fcbernimmt keine Haftung.<\/p>\n\n\n\n<p>Hinweise zur Datenverarbeitung im Zusammenhang mit Google\nAnalytics<\/p>\n\n\n\n<p>Diese Website benutzt Google Analytics, einen\nWebanalysedienst der Google Ireland Limited. Wenn der Verantwortlicher f\u00fcr die\nDatenverarbeitung auf dieser Website au\u00dferhalb des Europ\u00e4ischen\nWirtschaftsraumes oder der Schweiz sitzt, dann erfolgt die Google Analytics\nDatenverarbeitung durch Google LLC. Google LLC und Google Ireland Limited\nwerden nachfolgend &#171;Google&#187; genannt.<\/p>\n\n\n\n<p>Google Analytics verwendet sog. &#171;Cookies&#187;,\nTextdateien, die auf dem Computer des Seitenbesuchers gespeichert werden und\ndie eine Analyse der Benutzung der Website durch den Seitenbesucher\nerm\u00f6glichen. Die durch das Cookie erzeugten Informationen \u00fcber die Benutzung\ndieser Website durch den Seitenbesucher (einschlie\u00dflich der gek\u00fcrzten\nIP-Adresse) werden in der Regel an einen Server von Google \u00fcbertragen und dort\ngespeichert.<\/p>\n\n\n\n<p>Google Analytics wird ausschlie\u00dflich mit der Erweiterung\n&#171;_anonymizeIp()&#187; auf dieser Website verwendet. Diese Erweiterung\nstellt eine Anonymisierung der IP-Adresse durch K\u00fcrzung sicher und schlie\u00dft\neine direkte Personenbeziehbarkeit aus. Durch die Erweiterung wird die\nIP-Adresse von Google innerhalb von Mitgliedstaaten der Europ\u00e4ischen Union oder\nin anderen Vertragsstaaten des Abkommens \u00fcber den Europ\u00e4ischen Wirtschaftsraum\nzuvor gek\u00fcrzt. Nur in Ausnahmef\u00e4llen wird die volle IP-Adresse an einen Server\nvon Google in den USA \u00fcbertragen und dort gek\u00fcrzt. Die im Rahmen von Google Analytics\nvon dem entsprechenden Browser \u00fcbermittelte IP-Adresse wird nicht mit anderen\nDaten von Google zusammengef\u00fchrt.<\/p>\n\n\n\n<p>Im Auftrag des Seitenbetreibers wird Google die anfallenden\nInformationen benutzen, um die Nutzung der Website auszuwerten, um Reports \u00fcber\ndie Websiteaktivit\u00e4ten zusammenzustellen und um weitere mit der Websitenutzung\nund der Internetnutzung verbundene Dienstleistungen dem Seitenbetreiber\ngegen\u00fcber zu erbringen (Art. 6 Abs. 1 lit. f DSGVO). Das berechtigte Interesse\nan der Datenverarbeitung liegt in der Optimierung dieser Website, der Analyse\nder Benutzung der Website und der Anpassung der Inhalte. Die Interessen der\nNutzer werden durch die Pseudonymisierung hinreichend gewahrt.<\/p>\n\n\n\n<p>Google LLC. ist nach dem sog. Privacy Shield zertifiziert\n(Listeneintrag hier) und gew\u00e4hrleistet auf dieser Basis ein angemessenes\nDatenschutzniveau. Die gesendeten und mit Cookies, Nutzerkennungen (z. B.\nUser-ID) oder Werbe-IDs verkn\u00fcpften Daten werden nach 50 Monaten automatisch\ngel\u00f6scht. Die L\u00f6schung von Daten, deren Aufbewahrungsdauer erreicht ist,\nerfolgt automatisch einmal im Monat.<\/p>\n\n\n\n<p>Die Erfassung durch Google Analytics kann verhindert werden,\nindem der Seitenbesucher die Cookie-Einstellungen f\u00fcr diese Website anpasst.\nDer Erfassung und Speicherung der IP-Adresse und der durch Cookies erzeugten\nDaten kann au\u00dferdem jederzeit mit Wirkung f\u00fcr die Zukunft widersprochen werden.\nDas entsprechende Browser- Plugin kann unter dem folgenden Link heruntergeladen\nund installiert werden: https:\/\/tools.google.com\/dlpage\/gaoptout.<\/p>\n\n\n\n<p>Der Seitenbesucher kann die Erfassung durch Google Analytics\nauf dieser Webseite verhindern, indem er auf folgenden Link klickt. Es wird ein\nOpt-Out-Cookie gesetzt, der die zuk\u00fcnftige Erfassung der Daten beim Besuch\ndieser Website verhindert.<\/p>\n\n\n\n<p>Weitere Informationen zur Datennutzung durch Google,\nEinstellungs- und Widerspruchsm\u00f6glichkeiten, finden sich in der\nDatenschutzerkl\u00e4rung von Google (https:\/\/policies.google.com\/privacy) sowie in\nden Einstellungen f\u00fcr die Darstellung von Werbeeinblendungen durch Google\n(https:\/\/adssettings.google.com\/authenticated).<\/p>\n\n\n\n<p>reCAPTCHA<\/p>\n\n\n\n<p>Zum Schutz Ihrer Anfragen per Internetformular verwenden wir\nden Dienst reCAPTCHA des Unternehmens Google LLC (Google). Die Abfrage dient\nder Unterscheidung, ob die Eingabe durch einen Menschen oder missbr\u00e4uchlich\ndurch automatisierte, maschinelle Verarbeitung erfolgt. Die Abfrage schlie\u00dft\nden Versand der IP-Adresse und ggf. weiterer von Google f\u00fcr den Dienst\nreCAPTCHA ben\u00f6tigter Daten an Google ein. Zu diesem Zweck wird Ihre Eingabe an\nGoogle \u00fcbermittelt und dort weiter verwendet. Ihre IP-Adresse wird von Google\njedoch innerhalb von Mitgliedstaaten der Europ\u00e4ischen Union oder in anderen\nVertragsstaaten des Abkommens \u00fcber den Europ\u00e4ischen Wirtschaftsraum zuvor\ngek\u00fcrzt. Nur in Ausnahmef\u00e4llen wird die volle IP-Adresse an einen Server von\nGoogle in den USA \u00fcbertragen und dort gek\u00fcrzt. Im Auftrag des Betreibers dieser\nWebsite wird Google diese Informationen benutzen, um Ihre Nutzung dieses\nDienstes auszuwerten. Die im Rahmen von reCaptcha von Ihrem Browser\n\u00fcbermittelte IP-Adresse wird nicht mit anderen Daten von Google\nzusammengef\u00fchrt. F\u00fcr diese Daten gelten die abweichenden\nDatenschutzbestimmungen des Unternehmens Google. Weitere Informationen zu den\nDatenschutzrichtlinien von Google finden Sie unter:\nhttps:\/\/policies.google.com\/privacy?hl=de<\/p>\n\n\n\n<figure class=\"wp-block-image size-large\"><img loading=\"lazy\" decoding=\"async\" width=\"1024\" height=\"341\" src=\"http:\/\/www.groovingkeys.ch\/wp-content\/uploads\/2020\/03\/Logo_Musikschule_Mellingen_weiss-1024x341.png\" alt=\"\" class=\"wp-image-248\" srcset=\"http:\/\/www.groovingkeys.ch\/wp-content\/uploads\/2020\/03\/Logo_Musikschule_Mellingen_weiss-1024x341.png 1024w, http:\/\/www.groovingkeys.ch\/wp-content\/uploads\/2020\/03\/Logo_Musikschule_Mellingen_weiss-300x100.png 300w, http:\/\/www.groovingkeys.ch\/wp-content\/uploads\/2020\/03\/Logo_Musikschule_Mellingen_weiss-768x256.png 768w, http:\/\/www.groovingkeys.ch\/wp-content\/uploads\/2020\/03\/Logo_Musikschule_Mellingen_weiss.png 1240w\" sizes=\"auto, (max-width: 767px) 89vw, (max-width: 1000px) 54vw, (max-width: 1071px) 543px, 580px\" \/><\/figure>\n\n\n\n<p><\/p>\n","protected":false},"excerpt":{"rendered":"<p>KontaktadresseMusikschule Mellingen-WohlenschwilBahnhofstrasse 225507 MellingenSchweiz Vertretungsberechtigte Personen Antonio Mele, Schulleitung Giuseppe Aleo, Kommissionspr\u00e4sident &nbsp; Haftungsausschluss Der Autor \u00fcbernimmt keinerlei Gew\u00e4hr hinsichtlich der inhaltlichen Richtigkeit, Genauigkeit, Aktualit\u00e4t, Zuverl\u00e4ssigkeit und Vollst\u00e4ndigkeit der Informationen. Haftungsanspr\u00fcche gegen den Autor wegen Sch\u00e4den materieller oder immaterieller Art, welche aus dem Zugriff oder der Nutzung bzw. Nichtnutzung der ver\u00f6ffentlichten Informationen, durch Missbrauch der &hellip; <\/p>\n<p class=\"link-more\"><a href=\"http:\/\/www.groovingkeys.ch\/index.php\/kontakt\/datenschutz\/\" class=\"more-link\"><span class=\"screen-reader-text\">&#171;Datenschutz&#187;<\/span> weiterlesen<\/a><\/p>\n","protected":false},"author":1,"featured_media":0,"parent":54,"menu_order":0,"comment_status":"closed","ping_status":"closed","template":"","meta":{"footnotes":""},"class_list":["post-244","page","type-page","status-publish","hentry"],"jetpack_sharing_enabled":true,"_links":{"self":[{"href":"http:\/\/www.groovingkeys.ch\/index.php\/wp-json\/wp\/v2\/pages\/244","targetHints":{"allow":["GET"]}}],"collection":[{"href":"http:\/\/www.groovingkeys.ch\/index.php\/wp-json\/wp\/v2\/pages"}],"about":[{"href":"http:\/\/www.groovingkeys.ch\/index.php\/wp-json\/wp\/v2\/types\/page"}],"author":[{"embeddable":true,"href":"http:\/\/www.groovingkeys.ch\/index.php\/wp-json\/wp\/v2\/users\/1"}],"replies":[{"embeddable":true,"href":"http:\/\/www.groovingkeys.ch\/index.php\/wp-json\/wp\/v2\/comments?post=244"}],"version-history":[{"count":3,"href":"http:\/\/www.groovingkeys.ch\/index.php\/wp-json\/wp\/v2\/pages\/244\/revisions"}],"predecessor-version":[{"id":250,"href":"http:\/\/www.groovingkeys.ch\/index.php\/wp-json\/wp\/v2\/pages\/244\/revisions\/250"}],"up":[{"embeddable":true,"href":"http:\/\/www.groovingkeys.ch\/index.php\/wp-json\/wp\/v2\/pages\/54"}],"wp:attachment":[{"href":"http:\/\/www.groovingkeys.ch\/index.php\/wp-json\/wp\/v2\/media?parent=244"}],"curies":[{"name":"wp","href":"https:\/\/api.w.org\/{rel}","templated":true}]}}